).
-39
Let i(k) = -2*k**2 + 33*k + 53. Give i(17).
36
Let p(h) = -28*h. Calculate p(-2).
56
Let d(g) = g**3 + 5*g**2 - 4*g + 4. What is d(-6)?
-8
Let k(h) = -h**3 - 12*h**2 + 13*h + 1. Determine k(-13).
1
Let w(z) = 5*z**2 + 121*z + 32. What is w(-24)?
8
Let k(b) = b**3 + 4*b**2 - 2*b - 2. Give k(-4).
6
Let c(t) = -t**3 - 2. What is c(-2)?
6
Let n(c) = -5*c - 18. Determine n(-6).
12
Let s(i) = -i**3 - i**2 + i + 95. What is s(0)?
95
Let l(a) = a**3 - 3*a**2 - 4. Give l(2).
-8
Let j(l) = -l**3 + 8*l**2 - 5*l - 5. What is j(4)?
39
Let y(n) = -n**2 - 8*n + 3. Determine y(-8).
3
Let f(u) = 4*u - 2. Give f(-3).
-14
Let j(r) = -11*r + 20. What is j(4)?
-24
Let j(z) = -9*z. Give j(-3).
27
Let b(w) = -w**3 - 7*w**2 - 11*w + 8. Determine b(-4).
4
Let d(g) = 15*g**2 - 2*g + 2. Calculate d(2).
58
Let b(y) = 20*y + 111. What is b(-5)?
11
Let z(t) = t**2 + 19*t - 55. Calculate z(-21).
-13
Let f(i) = i**3 - 11*i**2 + 30*i - 189. What is f(10)?
11
Let k(w) = w**2 + 4*w - 10. Calculate k(-8).
22
Let c(b) = b**3 - 5*b**2 + 10. Determine c(5).
10
Let t(w) = -109*w + 6. Determine t(0).
6
Let k(z) = 4*z**2 - 15*z - 5. Give k(4).
-1
Let m(x) = -x**3 - 4*x**2 - 4*x - 17. Give m(-5).
28
Let x(h) = h**3 + 9*h**2 - 10*h + 4. Give x(-10).
4
Let m(q) = -10*q + 120. Calculate m(12).
0
Let w(h) = -h - 10. What is w(-10)?
0
Let g(i) = -2*i + 3. Give g(4).
-5
Let x(z) = z + 1. Calculate x(-14).
-13
Let r(c) = -2*c + 15. Calculate r(-5).
25
Let f(j) = -j**2 + 16*j + 4. What is f(14)?
32
Let h(t) = -23*t + 72. Determine h(3).
3
Let o(a) = -a**3 - 4*a**2 - 4*a - 5. What is o(-5)?
40
Let y(h) = -h**2 + 3*h + 3. Calculate y(6).
-15
Let o(v) = -v**2 - 4*v + 1. Determine o(-5).
-4
Let b(v) = -4*v**2 + 5*v + 6. What is b(-2)?
-20
Let w(x) = 2*x**2 - 5*x - 8. Determine w(5).
17
Let z(u) = u**2 + 9*u - 8. Calculate z(-10).
2
Let p(v) = 55*v + 22. Give p(-1).
-33
Let o(a) = a**3 - 17*a**2 - 5. Calculate o(17).
-5
Let v(a) = -a**3 - 14*a**2 - 15*a - 32. What is v(-13)?
-6
Let y(a) = a**3 + 59*a**2 + 169*a + 51. Calculate y(-56).
-5
Let q(j) = j**3 + 4*j**2 + j + 3. Give q(-3).
9
Let n(p) = -p**2 + 7*p - 1. What is n(6)?
5
Let g(s) = -7*s**3 - 3*s**2 + 12*s - 10. Calculate g(1).
-8
Let a(y) = 3*y**2 - y. Calculate a(4).
44
Let b(f) = 6*f**3 - 2*f**2 + f + 1. Determine b(-2).
-57
Let s(f) = f**3 + 5*f**2 + 3*f + 2. Calculate s(-2).
8
Let k(a) = -6*a + 256. Determine k(43).
-2
Let r(t) = t**2 + 3*t + 7. Give r(-6).
25
Let s(t) = t**3 + 8*t**2 - 10*t + 8. Determine s(-9).
17
Let r(i) = 2*i**3 + 5*i**2 + 4*i + 3. What is r(-3)?
-18
Let z(x) = -x - 1. Calculate z(-7).
6
Let r(d) = 27*d + 46. Give r(-2).
-8
Let x(c) = 6*c**2 - 3*c - 2. Determine x(-4).
106
Let v(b) = -b**2 - 3*b + 6. Calculate v(-6).
-12
Let h(v) = v**2 - 14*v - 12. Determine h(14).
-12
Let k(n) = n**3 - 12*n**2 + n - 12. Give k(12).
0
Let i(z) = 30*z + 167. Calculate i(-6).
-13
Let d(f) = 5*f + 213. Calculate d(-42).
3
Let q(b) = -25*b - 117. What is q(-4)?
-17
Let y(i) = -i**2 + 5*i - 14. Give y(4).
-10
Let d(f) = -79*f + 306. What is d(4)?
-10
Let m(d) = d**2 - 11*d + 2. Determine m(10).
-8
Let d(k) = -k**3 - 8*k**2 + 52*k + 40. Give d(-12).
-8
Let t(l) = -17*l - 21. What is t(-1)?
-4
Let f(q) = q**3 - 6*q**2 + 6*q + 2. Calculate f(5).
7
Let u(l) = l**2 - 38*l + 12. Determine u(38).
12
Let m(q) = -7*q + 5. Give m(-5).
40
Let a(m) = m**3 - 15*m**2 + 2*m + 11. What is a(15)?
41
Let t(u) = -8*u**2 + 367*u + 56. Determine t(46).
10
Let w(j) = 37*j**2 + j + 1. Give w(-1).
37
Let v(u) = -u**3 + 14*u**2 - 14*u + 1. Calculate v(13).
-12
Let o(p) = 3*p**2 + 3*p - 1. Calculate o(-3).
17
Let c(p) = -2*p**3 + 6*p**2 - 1. Calculate c(-1).
7
Let c(y) = 2*y - 29. Calculate c(9).
-11
Let r(m) = 12*m**2 - 85*m - 4. What is r(7)?
-11
Let u(l) = 4*l**3 - 2*l**2 - l - 1. Determine u(2).
21
Let o(z) = -17*z + 830. Determine o(49).
-3
Let l(j) = -j**2 + 7*j + 17. What is l(7)?
17
Let u(c) = -6*c**2 + c + 1. Calculate u(-2).
-25
Let k(a) = -a**2 - 35*a - 27. Calculate k(-35).
-27
Let p(w) = w**2 - 52*w + 21. Determine p(51).
-30
Let l(m) = -m**2 + m + 12. Calculate l(4).
0
Let u(w) = 16*w + 2. What is u(-3)?
-46
Let u(n) = 19*n + 135. Calculate u(-7).
2
Let m(o) = 2*o + 30. Calculate m(-25).
-20
Let h(y) = y**2 - 45*y + 509. Determine h(23).
3
Let s(f) = -3*f**3 - f**2 - 4. Give s(-3).
68
Let v(j) = 100*j - 404. Give v(4).
-4
Let n(a) = -a**2 - 8*a - 12. Calculate n(-5).
3
Let w(s) = -s**3 + 8*s**2 + 9*s - 13. Give w(9).
-13
Let j(z) = -2*z**3 - z**2 + 2*z - 2. Give j(2).
-18
Let h(m) = 2*m - 47. Calculate h(22).
-3
Let l(p) = p - 2. Determine l(-6).
-8
Let o(a) = -6*a - 35. Give o(-6).
1
Let a(t) = -t**3 - 8*t**2 + 21*t - 19. Determine a(-10).
-29
Let l(d) = -d**3 + 6*d**2 - 2*d - 3. Give l(4).
21
Let a(t) = 3*t**3 + 2*t + 3. Calculate a(-2).
-25
Let f(u) = -10*u + 58. Determine f(6).
-2
Let i(z) = -6*z - 40. Give i(-6).
-4
Let w(j) = -j**2 + 8*j + 4. Give w(9).
-5
Let s(v) = v**3 + v**2 - 2*v - 105. Calculate s(0).
-105
Let l(g) = g**2 - 6*g + 28. Give l(8).
44
Let q(t) = -2*t**2 + 18*t - 36. Give q(5).
4
Let a(y) = -5*y + 27. Determine a(14).
-43
Let a(x) = -9*x**3 + x - 1. Give a(1).
-9
Let o(b) = -4*b - 20. What is o(-11)?
24
Let s(n) = -22*n + 64. Calculate s(3).
-2
Let c(q) = 4*q**2 + q - 18. Determine c(0).
-18
Let o(y) = -y**2 + 2*y + 1. Determine o(1).
2
Let r(k) = 8*k + 9. Determine r(0).
9
Let v(u) = 10*u. Give v(-4).
-40
Let y(x) = -14*x - 275. What is y(-20)?
5
Let a(g) = g**2 - g - 3. Give a(-2).
3
Let z(d) = -d**3 - 8*d**2 + 8*d - 10. Calculate z(-9).
-1
Let q(y) = -13*y + 10. Give q(3).
-29
Let j(p) = 5*p**3 - 7*p**2 - 10*p - 2. What is j(-2)?
-50
Let g(h) = -2*h**2 + 15*h + 17. What is g(8)?
9
Let d(i) = -i**2 - 2*i - 9. Determine d(0).
-9
Let f(x) = -x**2 + 11*x - 13. Determine f(8).
11
Let z(a) = a**2 - 16*a + 39. Determine z(13).
0
Let u(c) = c**2 - 11*c - 10. Determine u(10).
-20
Let w(t) = -t**3 + 8*t**2 - 5*t - 10. Calculate w(8).
-50
Let u(o) = -o**3 + 13*o**2 - 14*o + 10. Give u(12).
-14
Let x(n) = -43*n - 152. What is x(-4)?
20
Let o(i) = -i - 28. Determine o(-8).
-20
Let d(p) = p**3 - 6*p**2 + 5*p + 10. Determine d(7).
94
Let f(q) = 19*q**2 + q - 3. Give f(1).
17
Let r(u) = 20*u - 313. Calculate r(16).
7
Let l(m) = -m**3 + 12*m**2 - 14*m + 3. What is l(11)?
-30
Let w(r) = -5*r + 1. Determine w(1).
-4
Let h(q) = -q + 39. What is h(20)?
19
Let i(m) = m**3 + 2*m - 2. What is i(0)?
-2
Let y(b) = -35*b - 48. What is y(-2)?
22
Let i(q) = -2*q**2 - 10*q + 11. What is i(-5)?
11
Let b(g) = g**2 + 11*g - 7. What is b(-8)?
-31
Let f(i) = i. Determine f(4).
4
Let r(i) = i**2 - 2*i - 4. Determine r(5).
11
Let i(s) = -s**3 - 2*s**2 + 7*s - 9. What is i(2)?
-11
Let m(r) = 2*r**3 - 8*r**2 - 3. Calculate m(4).
-3
Let h(s) = 3*s**3 + 33*s**2 + s + 10. Determine h(-11).
-1
Let d(l) = 36*l + 1. Give d(1).
37
Let w(a) = -a**2 + 4*a + 6. Calculate w(6).
-6
Let u(r) = -3*r + 2. What is u(1)?
-1
Let q(o) = -o**2 - 2*o - 18. Give q(0).
-18
Let y(l) = -l**2 - 7*l + 5. What is y(-7)?
5
Let c(l) = 6*l - 20. What is c(2)?
-8
Let w(d) = -d**2 - 4*d - 12. Determine w(-5).
-17
Let p(q) = 2*q**3 - 4*q**2 + 4*q. What is p(3)?
30
Let h(k) = -5*k + 7. Give h(2).
-3
Let t(g) = g**2 + 8*g + 8. Give t(-7).
1
Let l(n) = 6*n - 2. Give l(3).
16
Let g(z) = -11*z - 159. Determine g(-14).
-5
Let f(z) = z**3 - 5*z**2 - 5*z - 2. Give f(6).
4
Let p(g) = 4*g + 34. Determine p(6).
58
Let n(u) = u**2 + u - 9. Calculate n(0).
-9
Let y(x) = x**3 + 6*x**2 - x - 36. Determine y(-4).
0
Let u(l) = l**2 + l + 10. Calculate u(-3).
16
Let q(l) = -5*l + 7. Determine q(7).
-28
Let o(t) = t + 4. Give o(3).
7
Let o(a) = -7*a**2 + 57*a. Determine o(8).
8
Let l(m) = 2*m**3 + 14*m**2 + 25*m + 140. Give l(-7).
-35
Let l(h) = h**2 + 2*h - 26. Give l(-8).
22
Let y(v) = v**2 + 12*v - 12. What is y(-12)?
-12
Let c(y) = y**2 - 11*y + 8. Determine c(13).
34
Let g(d) = 5*d + 73. What is g(-14)?
3
Let u(x) = -x**2 + 22*x + 143. Calculate u(-5).
8
Let a(d) = d**3 - 11*d**2 - 31*d + 68. Determine a(13).
3
Let x(g) = 3*g + 18. What is x(-11)?
-15
Let p(f) = -f**2 + 6*f + 2. What is p(11)?
-53
Let r(n) = -n**3 + 5*n**2 + 8*n - 9. Calculate r(6).
3
Let w(i) = 25*i + 39. Calculate w(-2).
-11
Let t(v) = -v**2 - 3*v + 6. Calculate t(0).
6
Let r(u) = -2*u**2 - 66*u + 296. What is r(-37)?
0
Let q(